(-4 - -3) + 1 + 5?
5
15 + (-9 - -1) - 12
-5
What is the value of -1 + (4 - 2) - (4 - 2)?
-1
Evaluate -2 - 5 - (-18 + 8).
3
What is the value of -2 + (1 - (-2 - -1)) + 3?
3
Evaluate 5 + -8 + 7 - 3.
1
Evaluate -1 - ((-2 + -6 - -2) + 1).
4
4 - (2 + (4 - 4))
2
What is the value of -1 + (10 - 8 - -5)?
6
What is the value of -3 + 1 + (3 - 7 - -10)?
4
Evaluate 3 - 7 - -3 - -2.
1
Calculate (3 + 2 - -5) + -17.
-7
What is (5 - (6 - 2)) + 2?
3
(7 - (10 + 0 - 6)) + 2
5
6 + -17 + 5 - 0
-6
Calculate 6 - 1 - (43 - 39).
1
Evaluate -2 + 3 + (-4 - (4 - 3)).
-4
What is the value of 4 + (5 - 6 - 7)?
-4
2 + 0 + -3 - (17 - 15)
-3
Evaluate -1 + 1 + -1 - (-13 - -9).
3
3 - ((11 - (2 + -4)) + -7)
-3
2 - (1 - 11) - 7
5
What is the value of 3 + -1 + 4 + -1?
5
What is the value of 3 + (-1 - 0) + 0?
2
What is the value of 28 - 35 - (0 + -12)?
5
0 + -6 - (1 + -4 - 0)
-3
What is the value of 10 + (-4 + 4 - (2 - -2))?
6
Evaluate 3 + 2 + -2 + -1.
2
1 - 1 - (-7 - (-4 - 1))
2
What is 2 + 2 - (0 + (11 - 6))?
-1
(-4 - -15) + -3 + -13
-5
9 + (-5 - (-1 + 5))
0
-6 + 1 - (-21 - (-13 + -1))
2
4 + -4 + (-6 - -12)
6
What is the value of -11 + -8 + 11 + 2?
-6
What is the value of 8 + (-2 - 5) - -2?
3
What is -1 + -2 - -4 - -3?
4
Evaluate -6 + (1 - 1 - (16 + -17)).
-5
8 + (-9 - (-2 + (-1 - 2)))
4
Calculate 4 - 3 - -1 - (-1 + 7).
-4
3 - 3 - (3 - 6)
3
What is 1 + 0 - (3 + 2)?
-4
What is the value of 7 + -3 + (3 + -2 - 2)?
3
What is -4 - -5 - (1 - 2)?
2
What is the value of 8 + -3 + 1 + -1 - 3?
2
Evaluate 2 + -6 + 1 + 0 + 2.
-1
Calculate (3 - (-3 - -3)) + 0 + 2.
5
What is 2 + 3 + -2 + -7?
-4
What is 7 + -8 + 4 - (3 - -2)?
-2
What is -1 + 1 + 4 + -158 + 159?
5
Evaluate (15 - 8) + -2 - 10.
-5
-3 - (4 + (2 - 7))
-2
7 + 2 + 2 + -5
6
Evaluate 5 + -13 + 5 + 7.
4
Calculate -8 - ((-5 + 10 - 11) + 2).
-4
Evaluate 1 + -6 - (-29 - -26).
-2
What is the value of 13 + -17 + 1 + 4?
1
Evaluate (-1 - 2) + -1 + (-16 - -15).
-5
(2 - 7) + (13 + -17 - -9)
0
Calculate 0 + 1 + (-1 + -2 - -6).
4
What is -25 + 16 + 1 + (-2 - -1)?
-9
What is the value of -4 - (8 - (3 + 6))?
-3
6 + (-1 - 0) + -3
2
(1 - (-1 - -2)) + (-2 - -2)
0
(-4 - (0 + -1)) + 0
-3
What is (-2 + 1 - -4) + 0 - 6?
-3
What is the value of 2 + -7 - (-1 + -2) - 3?
-5
-4 + -1 + (-9 - -18)
4
4 + (-11 + 5 - -5)
3
4 - ((1 - -2 - 1) + 2)
0
(21 - (36 - 15)) + 2 + 1
3
Calculate (3 + -4 - 0) + -3.
-4
What is (1 + 1 - 3) + 1 + -3?
-3
Calculate -6 - -14 - (3 + 0).
5
(17 - (0 - -5)) + -14
-2
Calculate 8 - (12 - 3 - 1).
0
5 - (-5 + (-5 - -15))
0
-5 - (2 - (-3 - (-12 + 3)))
-1
(-5 - -5) + -3 + -1
-4
Evaluate -55 + 51 + (-3 - -1) + 2.
-4
What is 0 + 2 + -4 + (0 - -1)?
-1
Calculate -3 + (0 - -10) - (13 - 10).
4
What is -6 + (-6 - -5) + 4?
-3
0 - 0 - (-5 + 12 + -2)
-5
Evaluate 1 + -1 + -3 - -5.
2
-8 + (2 - (2 + -7))
-1
Calculate 23 - 35 - (-11 - (2 - 6)).
-5
What is the value of -8 - (1 + 2 + -2 + -4)?
-5
What is 3 + 6 + 3 - 10?
2
What is (-22 - -26) + (-1 - 4)?
-1
What is 16 + (-7 - (-13 - -17))?
5
Evaluate -5 + 4 - 5 - 0.
-6
What is 3 + -9 + 10 - (-3 - 0)?
7
-2 - (7 - 3 - (-1 - -2))
-5
Evaluate -5 - -1 - (-3 + -1 - -1).
-1
What is the value of -1 + -3 + 5 - -5?
6
Calculate 13 + -8 - (1 + 2).
2
Evaluate (2 - (1 + 5)) + (39 - 35).
0
What is the value of -51 + 57 + (2 - 1) - 5?
2
2 - 3 - (-60 + 51)
8
0 - -1 - (-4 + 10 - 7)
2
4 + 3 - (-2 + 4 + 1)
4
Evaluate (4 + 0 - (-80 + 74)) + -6.
4
What is the value of (-11 - -10) + -2 + -5?
-8
What is the value of -8 - -2 - (-6 + 3 - -2)?
-5
(7 - 2) + -4 - -4 - 3
2
Calculate 21 + -21 - (2 - (8 + -1)).
5
(-3 - (-8 + -2)) + -3 + -1
3
What is the value of 0 + -1 - (-7 - -7)?
-1
What is 0 - (-2 + (6 - 2) + 0)?
-2
(1 - 10) + -2 - -8
-3
Calculate -11 + 15 + (-4 - 2).
-2
Evaluate (11 - 1) + -2 + -4.
4
What is 0 - 3 - (-7 - -1) - 6?
-3
What is the value of 4 + 1 - (-60 + 66)?
-1
(16 - 16) + (0 - (0 + 2))
-2
Calculate -5 - -3 - (-2 - 2).
2
What is the value of 7 - 14 - -6 - (-1 + 4)?
-4
What is the value of -9 - (-5 - (2 + -10 - -11))?
-1
What is 6 - (2 + 3) - -2?
3
Calculate -5 + 1 - -8 - (-5 - -3).
6
What is -1 + 7 + 2 + -7?
1
Calculate 11 + -5 + -2 - 7 - -1.
-2
What is the value of (-5 - -9) + -8 - 1?
-5
Evaluate 2 - -2 - (0 - -3) - -2.
3
-5 - -2 - (10 + -7 + -7)
1
Calculate -8 - -12 - (-2 + 3).
3
Evaluate 0 + -7 + 7 - (4 - 0).
-4
Evaluate -4 + 2 - 0 - (4 + -2).
-4
Evaluate (-1 - 0) + 0 + 0.
-1
What is -4 + 1 + 0 + -5 + 7?
-1
What is the value of 0 - (11 - 9 - (-1 + 0))?
-3
3 - -1 - (1 + -4 - -1)
6
What is 3 - (0 + 1) - 2?
0
What is -6 + 0 + 7 + 1?
2
Evaluate (2 - 4) + (-3 + 5 - 4).
-4
Evaluate -2 - (2 + -9 + 5 - 8).
8
(0 - 2) + -1 + -1
-4
What is -16 + 11 + (6 - -1)?
2
What is the value of -2 - (-10 + 4 - -1)?
3
What is the value of (-4 - 1) + -54 + 65?
6
What is (-19 - (-4 + -2)) + 4?
-9
What is 13 - 5 - 3 - 13?
-8
What is the value of -9 + (-12 - -17) - (1 - 7)?
2
Calculate (2 - (0 - 4)) + -1.
5
19 + -17 - (6 - 0)
-4
What is the value of -4 + (2 - (1 + -2 + 4))?
-5
What is 3 - 14 - -6 - (-9 + 0)?
4
Calculate -4 + 7 + -1 - 2.
0
Calculate (6 - (-5 + -2 + 8)) + 2.
7
What is the value of -6 + (2 - 2) - (35 + -40)?
-1
What is the value of -4 - (2 + -3 + 0) - 1?
-4
What is the value of (-31 - -29) + (1 - -4)?
3
What is the value of -1 + 3 + -9 + 8?
1
Evaluate -6 + (11 + -22 - -8).
-9
What is the value of -2 - (-1 + 1 - 0)?
-2
What is 2 - (8 + 4 + (-24 - -6))?
8
What is -2 - ((0 - 4) + (-31 - -29))?
4
What is -5 - (4 - (0 - -5)) - -1?
-3
Calculate -13 - (8 - 19) - (2 - 3).
-1
What is 4 + 9 + -7 - 2?
4
Evaluate (-9 - -9) + (-3 - -3).
0
Calculate -8 + 3 + 3 - -4.
2
Evaluate 1 - ((-6 - 0) + 0 - -3).
4
What is the value of -5 + 1 - (4 - 7) - 4?
-5
What is the value of (3 - (-2 + -1)) + -8?
-2
What is (-9 + 17 - 7) + 1 + -7?
-5
2 + 13 + -4 - 2
9
Calculate 5 + -4 + (-8 - -12).
5
(7 - 6) + 1 + -7
-5
What is 3 + (-6 - 0 - 0)?
-3
(1 - 3 - -2) + (22 - 19)
3
-4 + (-1 - (1 + 6)) + 6
-6
Evaluate -9 - -1 - (-51 - -50).
-7
6 + -1 + (3 - -1 - 5)
4
What is the value of 1 - 9 - (-40 + 33)?
-1
Evaluate 3 - (-1 - (4 - 9)).
-1
What is the value of (1 - 1) + -4 - (14 + -16)?
-2
-10 - (-2 - (1 - (-2 - 1)))
-4
What is 1 - (0 - (-3 + (-9 - -5)))?
-6
-2 + 0 + -1 + -7 + 11
1
Evaluate 0 + (5 - (-1 - -6)).
0
(4 - 0) + -1 - (4 + -1)
0
1 - (-3 + 0) - (3 - 4)
5
What is the value of 3 - 2 - 2 - -3 - 4?
-2
2 + 1 + (-4 - -5 - 0)
4
Calculate 5 - (7 - (-5 - -5)).
-2
Evaluate -9 + 2 - (3 + -3).
-7
Evaluate -15 - -17 - (1 - 3).
4
Evaluate (0 - -1) + 24 + -22 + -6.
-3
Evaluate 3 + 10 + (-38 - -26).
1
Evaluate 5 + -4 + 6 + -8 + 1.
0
Calculate -6 + 3 + 4 + -1 + 5.
5
Evaluate (2 - 8) + 6 + 4.
4
-5 - (-1 - (-3 + 4))
-3
What is -11 - -10 - (2 - (-1 + 0))?
-4
(1 - (7 - 9)) + -2
1
What is (6 - 1 - 7) + -5 + 3?
-4
Evaluate -1 + -9 + 6 - (-11 + 2).
5
What is the value of -7 - (-5 + 1 + -1) - 0?
-2
(2 - (-5 + 9)) + -3
-5
What is -1 + (-5 - (-4 + -1))?
-1
What is (0 - 2) + (-14 - (18 - 35))?
1
What is the value of (-13 + 8 - -2) + -7 + 1?
-9
What is the value of -2 + (-2 - -2 - 0)?
-2
Evaluate 0 + 1 + -3 + 1 + -2.
-3
Calculate 0 - ((0 - -7) + -7).
0
What is 1 + -1 + -8 + 8 + -4?
-4
Calculate 4 - (2 + -3 + 3).
2
Calculate -1 - -7 - (14 + -5 + -5).
2
What is 7 + -16 - -7 - -3?
1
-1 + 3 - (1 + -3 + 6)
-2
What is the value of 2 - (5 + -2 + -6)?
5
(-11 - (6 - 3)) + (-36 - -43)
-7
Calculate -6 - -1 - (12 + -6).
-11
What is the value of 5 + -4 + (1 - -5) + -8?
-1
What is -1 + 18 + -5 + -7?
5
What is the value of 3 + (1 + -3 - (-25 + 26))?
0
4 + (-1 - -4) + -7
0
What is the value of -4 + (6 - (5 - (9 - 0)))?
6
Calculate 4 - (-5 - -14) - (4 + -11).
2
What is the value of -2 + -1 + (4 + -4 - -1)?
-2
What is the value of -11 + (13 - (11 + -8))?
-1
Calculate (-1 - 0) + (1 - 2).
-2
-3 - (1 + -2 + -4)
2
What is the value of 6 - 7 - (-2 - -4)?
-3
What is 9 + (-13 - -7 - (-1 - 1))?
5
Evaluate -10 + 10 + 3 + -8.
-5
What is the value of 0 + -10 + (24 - 7 - 15)?
-8
-13 - (-14 - -5) - -7
3
What is -5 - ((1 - -2) + 1) - -4?
-5
Evaluate -2 + 0 - (4 - 9).
3
What is -2 + 0 + 12 + -5?
5
Calculate 1 + -8 + 4 + 7.
4
(12 - 6) + -11 - -11 - 14
-8
Evaluate 6 + (0 - 1) - (32 + -32).
5
Evaluate 2 - (1 + (-3 - -5)).
-1
Calculate -18 - (6 + -7 - 10).
-7
What is (52 - 53) + (13 - 2)?
10
What is the value of 14 + -7 - (1 + 1)?
5
Calculate -2 + (0 - -1) + -1 + -3.
-5
11 - 3 - 2 - 4
2
Calculate -1 - 1 - (4 - 11) - 11.
-6
Calcul